z(q).
2, 3
Let d(k) = 55*k**3 - 5*k**2 - 6*k + 6. List the prime factors of d(5).
2, 3, 19, 59
Suppose 75 = 28*d - 3*d. Suppose -d*a - 444 = -3*u + 414, -4*u + 1112 = 4*a. List the prime factors of u.
2, 3, 47
Suppose j + 2*g = 46090, 3*g - 239507 = -5*j - 9071. List the prime factors of j.
2, 3, 7681
Suppose -3*o + 6 = 0, 5*y + o - 1 = 1. Suppose -i + 3 + 1 = y. Suppose -73 = -i*p + 3*a + 23, 5*a = 0. List the prime factors of p.
2, 3
Let g be ((-6)/(-10))/(3/30). Suppose 0 = -g*h - 3 + 39. Suppose -h*s = -12*s + 774. What are the prime factors of s?
3, 43
Let x = -57 + 63. Suppose u + x - 3 = 0. List the prime factors of (66/(-4))/(8/192*u).
2, 3, 11
Suppose 0 = 2*u - 3*o - 99, u = -0*u - 2*o + 60. Suppose 4*s - 5*n = 87, -2*s = 4*n - u + 4. Suppose s*x + 28 = 24*x. What are the prime factors of x?
2, 7
Suppose -21 = 4*o + 107. Let l = -17 - o. List the prime factors of (l/(-10))/1*-4.
2, 3
Suppose 0 = -r + 2*h + 1062, -4*r - 11*h + 4274 = -6*h. Let b = -233 + r. List the prime factors of b.
7, 17
Suppose -5*o + 2786 = 2*n - 8846, -2*n = 4*o - 9304. Let t = 3546 - o. List the prime factors of t.
2, 3, 7, 29
Let j(i) = -830*i - 3396. What are the prime factors of j(-80)?
2, 19, 829
Suppose 4*d = -3 + 75. Suppose 0 = 21*a - 15*a - d. Suppose s = k - a*s - 46, 5*k + 5*s = 205. What are the prime factors of k?
2, 3, 7
Let b be (2 - 8)*(-2)/6. Suppose -b*y = 2*f - 10, -y - 3*y + 20 = -f. Suppose 37*v - 41*v + 844 = f. List the prime factors of v.
211
Suppose 8*t - 3*t - 4215 = -4*r, -2*r + 5*t + 2115 = 0. What are the prime factors of r?
5, 211
Let a(o) = -o**3 - 40*o - 409. What are the prime factors of a(-18)?
6143
Suppose -b + 88 + 47 = 0. Suppose n = 23 - b. List the prime factors of (27/(-36))/(-2 + (-222)/n).
2, 3, 7
Let f(v) = 19*v + 511. What are the prime factors of f(7)?
2, 7, 23
Let m(v) = -3*v**3 - 3*v**2 + v - 10. Let r be m(-4). Suppose -3*f - r = -46. Let o(u) = -u**2 - 34*u - 68. List the prime factors of o(f).
2, 5
Let n be 0 - ((-15)/10)/((-1)/(-2)). Suppose 0*a - 2*a + o = -9, -3*a = 4*o + n. What are the prime factors of (4*a)/(10/55)?
2, 3, 11
Suppose -3*h - 15778 = -4*p, -3925 = -p + 3*h + h. List the prime factors of p.
11, 359
Suppose 2*t = -4*x - 836, -3*t + 8*t = 0. Let d = x - -551. Suppose -28*r - d = -31*r. What are the prime factors of r?
2, 3, 19
Let y = -3404 + 1709. Let w = -1124 - y. What are the prime factors of w?
571
Let u(b) = -b**3 - 6*b**2 + 5*b - 9. Let v be (-3)/(42/(-8)) + 106/(-14). Let n be u(v). Suppose n*c = 418 - 118. List the prime factors of c.
2, 3, 5
Suppose -14*r + 11841 = -109239 - 504468. What are the prime factors of r?
2, 3, 11, 677
Suppose -37557 = -2*u + 3*z, -2*z + 56337 = 3*u - 7*z. What are the prime factors of u?
2, 3, 7, 149
Suppose -7*u = -90738 + 5639. What are the prime factors of u?
12157
Let m be 3*(3 + (-6)/((-36)/(-22))). Let a = m - -189. List the prime factors of a.
11, 17
Let o(n) = 28*n**2 + 4. Let l be o(-3). Let k be (20/(-12) - -3)/(9/162). Suppose -k - l = -4*h. List the prime factors of h.
2, 5, 7
Suppose -310017 = 5647*k - 5655*k + 66943. What are the prime factors of k?
2, 5, 19, 31
Suppose -87*l + l + 68250 = -53698. List the prime factors of l.
2, 709
Let o be -4 - (5 + -6 + -3). Suppose -w + 4*n = 3*n - 327, 2*n - 6 = o. What are the prime factors of w?
2, 3, 5, 11
Let n be -1 + 2 + -7 + 33/3. Suppose 7 + 3 = 5*x. Suppose -n*v - x*s = -1038, v - 2*s - 206 = -4*s. List the prime factors of v.
2, 13
Let h(d) = 86*d - 3. Suppose -2*k + 26 = -4*x, k + 3*k - 31 = x. Suppose -k*u + 10 = -2*u. List the prime factors of h(u).
13
Let w(z) = z**2 - 10*z + 38. Let v be w(9). Suppose v*m + 140 = 34*m. Suppose -q + 46 = -m. What are the prime factors of q?
2, 37
Let y = 4713 + -959. List the prime factors of y.
2, 1877
Let v(s) = -68*s - 66. Let j be v(-5). Suppose 4*g = 3*l + j + 1024, g - 4*l - 331 = 0. List the prime factors of g.
17, 19
Let t(p) = p**3 - 5*p + 730. Let o be t(0). Let b be ((-36)/(-45))/(4/o). Let v = b + -101. List the prime factors of v.
3, 5
List the prime factors of ((-5)/4)/((-14)/18200).
5, 13
Let h be 23/5 - 2/(-5). Suppose -4*b + 20 = b, 4*n = 2*b + 484. Suppose u = h*w + n, -u - 5*w = -9*w - 118. What are the prime factors of u?
2, 7
Suppose -274644 = 208*s - 2227764. What are the prime factors of s?
2, 3, 5, 313
Let t(x) = -19*x**2 + 41*x + 4. Let p(w) = 9*w**2 - 21*w - 2. Let s(o) = 13*p(o) + 6*t(o). What are the prime factors of s(12)?
2, 53
Let y = 1038 - 1594. Let v = y + 1404. What are the prime factors of v?
2, 53
Suppose -12*f = -48308 - 7576. What are the prime factors of f?
4657
Suppose 3*t + 14 = 5*c - 4*c, -2*c + t + 13 = 0. Suppose 0*r - 2*r + 121 = 3*q, c*r + q - 309 = 0. What are the prime factors of r?
2, 31
Suppose -4*b - 6 - 18 = -2*z, b - 21 = -4*z. Suppose -d = 3*y - 511, z*y + 5*d + 352 = 8*y. What are the prime factors of y?
3, 19
Suppose -5*a + 3 = -2*n, 3*n + 8 = a + 23. Let o = -164 - -173. List the prime factors of (o/(-2))/(n/(-8)).
2, 3
Let k(c) = -2*c**2 - 3*c**2 + 2 + 2*c**3 - 3*c**3 - 7*c - 3*c**2. Let w be k(-7). Suppose 0 = f - w*f + 57. What are the prime factors of f?
3, 19
Suppose -3*j + 14 + 4 = 4*f, -4*f + 22 = 5*j. List the prime factors of (-5322)/(-12)*4/j.
887
Let d = 19077 - 15900. List the prime factors of d.
3, 353
Let u(z) be the first derivative of 11*z**4/24 - 23*z**3/6 - 4*z**2 - 18. Let x(b) be the second derivative of u(b). What are the prime factors of x(8)?
5, 13
Let q(g) = -g**3 + 6*g**2 + 3*g - 13. Let n be q(6). Suppose 2*w - 5*w = n*a - 385, -a - 3*w = -77. Suppose -1141 + a = -8*d. What are the prime factors of d?
7, 19
Let t(d) = d**3 - 10*d**2 + 2*d - 23. Let k be t(10). Let j be k + 7 + -4 - -64. Suppose j = -51*f + 55*f. List the prime factors of f.
2
Suppose -19*h + 365 = -18*h. Suppose 0 = h*o - 359*o - 24. What are the prime factors of o?
2
Let m(s) = s**3 - 18*s**2 - 19*s - 1. Let t be m(19). Let d be 11/3*(-3)/t. Let y(c) = c + 32. List the prime factors of y(d).
43
Let g = -85 - -506. Let l = 885 - g. List the prime factors of l.
2, 29
Suppose 343 = -11*s - 1307. Let u = 362 + s. List the prime factors of u.
2, 53
What are the prime factors of ((-99)/6*(-4)/3)/((-28)/(-10962))?
3, 11, 29
Let w = -107 - -114. Suppose -10 = 2*q, -285 = -w*i + 2*i - 4*q. Suppose 0 = -u + 80 + i. List the prime factors of u.
3, 47
Let y = -26009 - -36671. List the prime factors of y.
2, 3, 1777
Let j(d) = -d**3 - 5*d**2 + 5*d - 3. Let t be j(-6). Let o = t + 862. What are the prime factors of o?
5, 173
Let c(z) = 5*z**2 + 25*z - 10. Let f be c(-6). Suppose 0 = -26*d + f*d - 90. Let u(r) = r**2 - 2*r + 8. What are the prime factors of u(d)?
263
Let a(n) = -759*n - 375. List the prime factors of a(-4).
3, 887
What are the prime factors of (-112)/(-616) + 32063/11 - 6?
2909
Suppose 4 = 10*d - 6*d. Let k be (4 - 205)*(-1)/(-3). List the prime factors of (-1 + k)/(d/(-2)).
2, 17
Let x(g) = -2*g**3 + 5*g**2 + 18*g - 4. Let a(v) = -v**2 - v. Let p(t) = -5*a(t) - x(t). What are the prime factors of p(6)?
2, 179
Let t = 28 + -6. Let o(s) = -11*s - 4*s + 2 + 10*s - t*s. What are the prime factors of o(-6)?
2, 41
Let j = -33 + 2. Let u = j - -35. Suppose -212 = -u*k - 3*b - 2*b, 2*b = k - 40. List the prime factors of k.
2, 3
Let m = 156334 - 85583. What are the prime factors of m?
139, 509
Let a(j) be the second derivative of 5*j**3/6 - 65*j**2 + 4*j + 3. List the prime factors of a(39).
5, 13
Let v(k) = -11*k**3 - 9*k**2 + 11*k + 92. List the prime factors of v(-8).
2, 5, 11, 23
Let f = -66 - -62. Let y be -2*(f - 1)*-2. Let z = y - -45. List the prime factors of z.
5
Let k be 4/16 + (-1)/4. Suppose 4*h + h - 10 = k. Suppose -632 = -5*d - 2*x, -3*x = -h*d - 172 + 440. List the prime factors of d.
2
Let d be 48/(-14) + (-7)/98*8. Let j(p) = -p**3 + 6*p**2 - 4. What are the prime factors of j(d)?
2, 3, 13
Let g(m) = 285*m + 4. Let r be g(-2). Let i = r - -804. What are the prime factors of i?
2, 7, 17
Suppose -2*w = 3*b - 12869, -4*w - b - 2*b + 25735 = 0. List the prime factors of w.
7, 919
Suppose -2*f = -3*f + 5. Suppose -2*w + 154 = f*k - 4*k, 2*k + 142 = 2*w. Suppose w = 5*x - 120. List the prime factors of x.
3, 13
Let v(y) = 173*y**3 + 2 + 149*y**3 + 427*y - 430*y + 2*y**2. What are the prime factors